vided by 22?
20
Suppose 3*t = -2*t + 4*f + 50, -4*t + f + 51 = 0. What is the remainder when t is divided by 4?
2
Suppose -9 = 5*w - 124. What is the remainder when 136 is divided by w?
21
Suppose -2*x + 40 = -4*k, 0 = -8*x + 4*x - 3*k + 124. Calculate the remainder when 222 is divided by x.
26
Suppose -q + 0*q = -86. What is the remainder when q is divided by 30?
26
Suppose -4*j - j = 0. Suppose -3*b - 4*p + 40 = 2*b, j = 2*p + 10. Let q = -19 - -53. Calculate the remainder when q is divided by b.
10
Suppose -67 - 163 = -5*i. What is the remainder when i is divided by 2/4 + 23/2?
10
Let b(g) = -11*g**3 + g**2. Suppose -4*x = 11 - 31. What is the remainder when b(-1) is divided by x?
2
Let j = -69 + 112. Let w = j - 8. Calculate the remainder when w is divided by 9.
8
Let d = 14 + -8. What is the remainder when 22 is divided by d?
4
Let c be 27/(-18)*(-4)/6. What is the remainder when 53 is divided by (2 + -3)*(c + -15)?
11
Suppose 5*x - 5 = -0. Let k = 21 - -16. What is the remainder when k is divided by 2*x*(-26)/(-4)?
11
Suppose 1 - 2 = -4*t + 5*h, 2*t - h - 5 = 0. Suppose 3*q + 146 = t*g, -2*g + g = 5*q - 25. What is the remainder when g is divided by 18?
17
Suppose -5*y = 4*d - 79, -106 = -5*d + y - 0*y. What is the remainder when 81 is divided by d?
18
Suppose 4*w - 33 - 11 = 0. Suppose -3 = -u - s - 0, 0 = -5*u - 3*s + w. Let c = -3 - -5. Calculate the remainder when c is divided by u.
0
Let c(j) = 4*j**2 - 4*j - 8. Let f(d) = 11*d**2 - 13*d - 24. Let s(x) = 17*c(x) - 6*f(x). What is the remainder when s(-6) is divided by 11?
9
Let g = 502 + -305. What is the remainder when g is divided by 25?
22
Suppose -4*a - 5*k + 265 = 0, -2*a - 2*k + 125 = 3*k. Calculate the remainder when a is divided by 15.
10
Suppose -2*i = 3*i - 45. Suppose 2*v - 3 = 5. Suppose 0 = -v*o + 8*o - 20. What is the remainder when i is divided by o?
4
Suppose -7*r + 10 = -2*r. Calculate the remainder when r is divided by 2.
0
Let x = 138 - 80. Suppose -4*s + x = -2*l, -4*s - l = -56 + 7. Suppose 10*w - 152 = 6*w. Calculate the remainder when w is divided by s.
12
Let y = -35 + 24. Let k = y - -30. Let x = k + 0. Calculate the remainder when 36 is divided by x.
17
Let l = -9 + 15. Let u(g) = g + 2. Calculate the remainder when 12 is divided by u(l).
4
Let u be (-2484)/(-16) + (-3)/(-4). Suppose -10*i + u = -7*i. Calculate the remainder when i is divided by 18.
16
Let j(k) = -k**3 - 14*k**2 - k - 3. Suppose 2*l + c = -0*c + 4, -c - 14 = -4*l. Calculate the remainder when j(-14) is divided by l.
2
Let g be 18/(-27)*72/(-1). Let i = 9 + g. What is the remainder when i is divided by 20?
17
Suppose 0 = -39*g + 35*g + 40. What is the remainder when g is divided by 6?
4
Calculate the remainder when 42 is divided by ((-23)/46)/((-1)/18).
6
Suppose 0 = 4*m + m - 95. Calculate the remainder when 113 is divided by m.
18
Suppose 3*f - 2 = -2*a, 8 - 35 = -a + 5*f. Suppose 0 = 5*g - n - 252, 2*n - a*n + 40 = g. Calculate the remainder when g is divided by 17.
16
Let t(f) = 16*f**3 - f**2 + f - 1. Let u be t(1). Suppose -2*j + 11 = -3*z + 2*z, u = -3*z. Calculate the remainder when 62 is divided by 63/j + (1 - 1).
20
Let c = 71 - 20. Suppose -4*o - c = -o. Let i = -7 - o. What is the remainder when 18 is divided by i?
8
Suppose 0 = a - 3 + 1. Let h(r) = -10*r**a + 3*r - r**3 - r - 7*r - 3 - 5*r. Calculate the remainder when 10 is divided by h(-9).
4
Suppose 1 = u - 29. What is the remainder when (u/40)/((-1)/(-28)) is divided by 12?
9
Suppose 0 = -m - 1 + 3. Let r be ((-1)/m)/((-2)/(-4)). Let d = 36 - r. What is the remainder when d is divided by 13?
11
Let c = 1 - -12. Calculate the remainder when c is divided by 7.
6
Let g(i) = 2*i + 29. Calculate the remainder when 40 is divided by g(-9).
7
Let f(o) = 29*o - 21. What is the remainder when f(9) is divided by 61?
57
Let j(w) = -9*w + 2. Let o be j(1). Let l = 23 + o. What is the remainder when 61 is divided by l?
13
Let a(d) = d + 1. Calculate the remainder when 8 is divided by a(1).
0
Let z = -1 - -6. What is the remainder when 7 is divided by z?
2
Let c(m) = m**3 - 8*m**2 + 2*m - 2. What is the remainder when 40 is divided by c(8)?
12
Suppose c + c - 34 = -y, -2*c = -y - 26. What is the remainder when c is divided by 9?
6
Suppose 15 = 2*a - 5*d - 110, 5*d = 4*a - 255. Suppose -a = -5*m + 5*s, 23 + 22 = 4*m + 3*s. Calculate the remainder when 34 is divided by m.
10
Let q(h) = 20*h + 22. What is the remainder when q(5) is divided by 25?
22
Suppose 3*m - o = m, 3*o = -2*m. Suppose m = 3*q - 186. Let s = q - 15. Calculate the remainder when s is divided by 16.
15
Let m(a) = -225*a - 2. Let g be m(-1). Let l = g + -145. What is the remainder when l is divided by 16?
14
Let p(q) = 4*q - 52. Calculate the remainder when p(21) is divided by 17.
15
Let l(o) = 7*o + 4. Let x = -12 - -14. What is the remainder when 34 is divided by l(x)?
16
Let c(m) = -2*m + 0*m - 4 - m**3 + 8*m**2 - 3*m**2. Let b be c(3). Suppose -2*p - f = -11, -3*p + b*p = 5*f + 5. What is the remainder when 7 is divided by p?
3
Let h(q) = -12*q + 5. Let t = -21 - -15. Let i(a) = a + 1. Let y(b) = t*i(b) - h(b). Calculate the remainder when y(9) is divided by 11.
10
Suppose 0*m - 330 = -3*m. Let a = -73 + m. Calculate the remainder when a is divided by 19.
18
Suppose 20 = -3*b - 2*b. Let k = 1 - b. Suppose -3*x + f = -4, -k*f + 1 = 5*x - f. Calculate the remainder when 1 is divided by x.
0
Let x(u) = 4*u + 3. Calculate the remainder when x(3) is divided by ((-8)/(-6))/((-26)/(-117)).
3
Let h(x) be the second derivative of -x**3/2 - 9*x**2/2 - 3*x. Calculate the remainder when h(-6) is divided by 5.
4
Suppose -3*m = -4*m + 10. What is the remainder when 19 is divided by m?
9
Let j(s) = -2*s - s + 4*s - 4. Let h be ((-1)/2)/(2/(-20)). What is the remainder when 1 is divided by j(h)?
0
Let r(w) = w**2 + 2. Let j be r(0). Let f(n) = -5*n. Let i be f(j). Let g = i - -14. What is the remainder when 10 is divided by g?
2
Let w(k) = -k + 8. Let v be (-3)/(-5) - (-24)/(-15). Let p(a) = 5*a**2 + 1. What is the remainder when w(-8) is divided by p(v)?
4
Suppose 0*j - 24 = -4*j. Let z(h) = h**2 - 3*h - 8. Suppose 18 = t - 2*a, -a = -0*a. Calculate the remainder when t is divided by z(j).
8
Suppose 5*a - 92 = -3*i, i = -0*i + 4*a + 42. What is the remainder when 62 is divided by i?
28
Let q = -46 - -67. What is the remainder when 58 is divided by q?
16
Suppose 5*n + 4*z - 6*z - 178 = 0, -154 = -5*n - 4*z. What is the remainder when n is divided by 10?
4
Suppose -w + 20 = -66. What is the remainder when w is divided by 11?
9
Let b be (-44)/(-3) + (-4)/6. Let q = b - 2. Calculate the remainder when 34 is divided by q.
10
Let r(h) = -h**3 + 6*h**2 + 9*h - 7. Calculate the remainder when r(7) is divided by 5.
2
Let j = 6 + -5. Suppose 4*v + 9 = -3*i - 2, 3*i + j = -2*v. What is the remainder when 3 is divided by i?
0
Let f be ((-1)/(-2))/((-1)/(-258)). Suppose f = 5*w + x - 81, 5*x = 3*w - 98. Let u = w - 29. What is the remainder when 34 is divided by u?
10
Let n = 9 + 32. What is the remainder when n is divided by 11?
8
Let l = -2 - -5. Let u = -4 - -7. What is the remainder when l is divided by u?
0
Let m = 0 + 2. What is the remainder when m/6 + (-46)/(-6) is divided by 5?
3
Suppose -5*k + 5 + 15 = 0. Suppose -h + k*q + 11 = -0*q, -4*q = h - 11. What is the remainder when 21 is divided by h?
10
Let w(u) = -2*u**2 - 36*u - 21. What is the remainder when w(-15) is divided by 7?
6
Suppose f - 3 - 11 = 0. Let h(l) = -l**3 - l**2 + l + 70. Let k be h(0). Suppose 4*j - 38 = k. Calculate the remainder when j is divided by f.
13
Let q(z) = -z - 1. Suppose -w + 3*x - 15 = 0, 0*w = -4*w - x - 21. Calculate the remainder when 8 is divided by q(w).
3
Let g = -53 + 84. What is the remainder when 59 is divided by g?
28
Suppose -40 = -10*c + 5*c. Suppose n - 38 = -5*q, 9 = 4*q - q. Calculate the remainder when n is divided by c.
7
Let a = 159 - 151. Calculate the remainder when 158 is divided by a.
6
Let t = -4 + 11. Suppose m - 5*m + 12 = 0. Calculate the remainder when t is divided by m.
1
Let p be (-2)/(-11) + 612/22. Let g = 87 - p. What is the remainder when g is divided by 20?
19
Let k(t) = -t**3 - 4*t**2 - 1. Let w be k(-4). Let d = w + 18. What is the remainder when 32 is divided by d?